{"id":4600,"date":"2015-02-21T09:44:38","date_gmt":"2015-02-21T07:44:38","guid":{"rendered":"http:\/\/jeremyfekete.com\/wp-content\/uploads\/2015\/02\/Europas-legend\u00e4re-Strassen-Via-Publicae-in-Portugal_5.jpg"},"modified":"2015-02-21T09:44:38","modified_gmt":"2015-02-21T07:44:38","slug":"europas-legendaere-strassen-auf-den-spuren-der-roemer-11-3","status":"inherit","type":"attachment","link":"https:\/\/jeremyfekete.com\/fr\/europas-legendaere-strassen-auf-den-spuren-der-roemer-11-3\/","title":{"rendered":"Europas legend\u00e4re Strassen &#8211; Auf den Spuren der R\u00f6mer"},"author":1,"featured_media":0,"comment_status":"closed","ping_status":"closed","template":"","meta":[],"categories":[],"tags":[],"class_list":["post-4600","attachment","type-attachment","status-inherit","hentry"],"jetpack_sharing_enabled":true,"featured_media_urls":{"thumbnail":["https:\/\/jeremyfekete.com\/wp-content\/uploads\/2015\/02\/Europas-legend\u00e4re-Strassen-Via-Publicae-in-Portugal_5-150x150.jpg",150,150,true],"medium":["https:\/\/jeremyfekete.com\/wp-content\/uploads\/2015\/02\/Europas-legend\u00e4re-Strassen-Via-Publicae-in-Portugal_5-300x166.jpg",300,166,true],"medium_large":["https:\/\/jeremyfekete.com\/wp-content\/uploads\/2015\/02\/Europas-legend\u00e4re-Strassen-Via-Publicae-in-Portugal_5.jpg",768,427,false],"large":["https:\/\/jeremyfekete.com\/wp-content\/uploads\/2015\/02\/Europas-legend\u00e4re-Strassen-Via-Publicae-in-Portugal_5-1024x568.jpg",950,527,true],"1536x1536":["https:\/\/jeremyfekete.com\/wp-content\/uploads\/2015\/02\/Europas-legend\u00e4re-Strassen-Via-Publicae-in-Portugal_5.jpg",1536,853,false],"2048x2048":["https:\/\/jeremyfekete.com\/wp-content\/uploads\/2015\/02\/Europas-legend\u00e4re-Strassen-Via-Publicae-in-Portugal_5.jpg",2048,1138,false],"inspiro-featured-image":["https:\/\/jeremyfekete.com\/wp-content\/uploads\/2015\/02\/Europas-legend\u00e4re-Strassen-Via-Publicae-in-Portugal_5.jpg",2000,1111,false],"inspiro-loop":["https:\/\/jeremyfekete.com\/wp-content\/uploads\/2015\/02\/Europas-legend\u00e4re-Strassen-Via-Publicae-in-Portugal_5.jpg",576,320,false],"inspiro-loop@2x":["https:\/\/jeremyfekete.com\/wp-content\/uploads\/2015\/02\/Europas-legend\u00e4re-Strassen-Via-Publicae-in-Portugal_5.jpg",1152,640,false],"portfolio_item-thumbnail":["https:\/\/jeremyfekete.com\/wp-content\/uploads\/2015\/02\/Europas-legend\u00e4re-Strassen-Via-Publicae-in-Portugal_5.jpg",600,333,false],"portfolio_item-thumbnail@2x":["https:\/\/jeremyfekete.com\/wp-content\/uploads\/2015\/02\/Europas-legend\u00e4re-Strassen-Via-Publicae-in-Portugal_5.jpg",1200,667,false],"portfolio_item-masonry":["https:\/\/jeremyfekete.com\/wp-content\/uploads\/2015\/02\/Europas-legend\u00e4re-Strassen-Via-Publicae-in-Portugal_5.jpg",600,333,false],"portfolio_item-masonry@2x":["https:\/\/jeremyfekete.com\/wp-content\/uploads\/2015\/02\/Europas-legend\u00e4re-Strassen-Via-Publicae-in-Portugal_5.jpg",1200,667,false],"portfolio_item-thumbnail_cinema":["https:\/\/jeremyfekete.com\/wp-content\/uploads\/2015\/02\/Europas-legend\u00e4re-Strassen-Via-Publicae-in-Portugal_5.jpg",603,335,false],"portfolio_item-thumbnail_portrait":["https:\/\/jeremyfekete.com\/wp-content\/uploads\/2015\/02\/Europas-legend\u00e4re-Strassen-Via-Publicae-in-Portugal_5.jpg",600,333,false],"portfolio_item-thumbnail_portrait@2x":["https:\/\/jeremyfekete.com\/wp-content\/uploads\/2015\/02\/Europas-legend\u00e4re-Strassen-Via-Publicae-in-Portugal_5.jpg",1200,667,false],"portfolio_item-thumbnail_square":["https:\/\/jeremyfekete.com\/wp-content\/uploads\/2015\/02\/Europas-legend\u00e4re-Strassen-Via-Publicae-in-Portugal_5.jpg",800,444,false]},"description":{"rendered":"<p class=\"attachment\"><a href=\"https:\/\/i0.wp.com\/jeremyfekete.com\/wp-content\/uploads\/2015\/02\/Europas-legend%C3%A4re-Strassen-Via-Publicae-in-Portugal_5.jpg?ssl=1\" title=\"\" data-rl_title=\"\" class=\"rl-gallery-link\" data-rl_caption=\"\" data-rel=\"lightbox-gallery-0\"><img data-recalc-dims=\"1\" decoding=\"async\" width=\"300\" height=\"166\" src=\"https:\/\/i0.wp.com\/jeremyfekete.com\/wp-content\/uploads\/2015\/02\/Europas-legend%C3%A4re-Strassen-Via-Publicae-in-Portugal_5.jpg?resize=300%2C166&#038;ssl=1\" class=\"attachment-medium size-medium\" alt=\"\" srcset=\"https:\/\/i0.wp.com\/jeremyfekete.com\/wp-content\/uploads\/2015\/02\/Europas-legend%C3%A4re-Strassen-Via-Publicae-in-Portugal_5.jpg?resize=300%2C166&amp;ssl=1 300w, https:\/\/i0.wp.com\/jeremyfekete.com\/wp-content\/uploads\/2015\/02\/Europas-legend%C3%A4re-Strassen-Via-Publicae-in-Portugal_5.jpg?resize=1024%2C568&amp;ssl=1 1024w, https:\/\/i0.wp.com\/jeremyfekete.com\/wp-content\/uploads\/2015\/02\/Europas-legend%C3%A4re-Strassen-Via-Publicae-in-Portugal_5.jpg?resize=600%2C333&amp;ssl=1 600w, https:\/\/i0.wp.com\/jeremyfekete.com\/wp-content\/uploads\/2015\/02\/Europas-legend%C3%A4re-Strassen-Via-Publicae-in-Portugal_5.jpg?resize=940%2C522&amp;ssl=1 940w, https:\/\/i0.wp.com\/jeremyfekete.com\/wp-content\/uploads\/2015\/02\/Europas-legend%C3%A4re-Strassen-Via-Publicae-in-Portugal_5.jpg?w=1900&amp;ssl=1 1900w, https:\/\/i0.wp.com\/jeremyfekete.com\/wp-content\/uploads\/2015\/02\/Europas-legend%C3%A4re-Strassen-Via-Publicae-in-Portugal_5.jpg?w=2850&amp;ssl=1 2850w\" sizes=\"100vw\" \/><\/a><\/p>\n<p>Doku-Mehrteiler f\u00fcr ARTE<\/p>\n"},"caption":{"rendered":"<p>Doku-Mehrteiler f\u00fcr ARTE<\/p>\n"},"alt_text":"","media_type":"image","mime_type":"image\/jpeg","media_details":{"width":4252,"height":2362,"file":"2015\/02\/Europas-legend\u00e4re-Strassen-Via-Publicae-in-Portugal_5.jpg","sizes":{"thumbnail":{"file":"Europas-legend\u00e4re-Strassen-Via-Publicae-in-Portugal_5-150x150.jpg","width":150,"height":150,"mime_type":"image\/jpeg","source_url":"https:\/\/jeremyfekete.com\/wp-content\/uploads\/2015\/02\/Europas-legend\u00e4re-Strassen-Via-Publicae-in-Portugal_5-150x150.jpg"},"medium":{"file":"Europas-legend\u00e4re-Strassen-Via-Publicae-in-Portugal_5-300x166.jpg","width":300,"height":166,"mime_type":"image\/jpeg","source_url":"https:\/\/jeremyfekete.com\/wp-content\/uploads\/2015\/02\/Europas-legend\u00e4re-Strassen-Via-Publicae-in-Portugal_5-300x166.jpg"},"large":{"file":"Europas-legend\u00e4re-Strassen-Via-Publicae-in-Portugal_5-1024x568.jpg","width":1024,"height":568,"mime_type":"image\/jpeg","source_url":"https:\/\/jeremyfekete.com\/wp-content\/uploads\/2015\/02\/Europas-legend\u00e4re-Strassen-Via-Publicae-in-Portugal_5-1024x568.jpg"},"mid-size":{"file":"Europas-legend\u00e4re-Strassen-Via-Publicae-in-Portugal_5-600x333.jpg","width":600,"height":333,"mime_type":"image\/jpeg","source_url":"https:\/\/jeremyfekete.com\/wp-content\/uploads\/2015\/02\/Europas-legend\u00e4re-Strassen-Via-Publicae-in-Portugal_5-600x333.jpg"},"content-width":{"file":"Europas-legend\u00e4re-Strassen-Via-Publicae-in-Portugal_5-940x522.jpg","width":940,"height":522,"mime_type":"image\/jpeg","source_url":"https:\/\/jeremyfekete.com\/wp-content\/uploads\/2015\/02\/Europas-legend\u00e4re-Strassen-Via-Publicae-in-Portugal_5-940x522.jpg"},"gallery-thumb":{"file":"Europas-legend\u00e4re-Strassen-Via-Publicae-in-Portugal_5-480x400.jpg","width":480,"height":400,"mime_type":"image\/jpeg","source_url":"https:\/\/jeremyfekete.com\/wp-content\/uploads\/2015\/02\/Europas-legend\u00e4re-Strassen-Via-Publicae-in-Portugal_5-480x400.jpg"},"full":{"file":"Europas-legend\u00e4re-Strassen-Via-Publicae-in-Portugal_5.jpg","width":4252,"height":2362,"mime_type":"image\/jpeg","source_url":"https:\/\/jeremyfekete.com\/wp-content\/uploads\/2015\/02\/Europas-legend\u00e4re-Strassen-Via-Publicae-in-Portugal_5.jpg"}},"image_meta":{"aperture":18,"credit":"Bea M\u00fcller","camera":"","caption":"Doku-Mehrteiler f\u00fcr ARTE","created_timestamp":946700566,"copyright":"\u00a9 Bea M\u00fcller","focal_length":"28","iso":"160","shutter_speed":"0.01","title":"Europas legend\u00e4re Strassen - Auf den Spuren der R\u00f6mer"}},"post":null,"source_url":"https:\/\/jeremyfekete.com\/wp-content\/uploads\/2015\/02\/Europas-legend\u00e4re-Strassen-Via-Publicae-in-Portugal_5.jpg","_links":{"self":[{"href":"https:\/\/jeremyfekete.com\/fr\/wp-json\/wp\/v2\/media\/4600","targetHints":{"allow":["GET"]}}],"collection":[{"href":"https:\/\/jeremyfekete.com\/fr\/wp-json\/wp\/v2\/media"}],"about":[{"href":"https:\/\/jeremyfekete.com\/fr\/wp-json\/wp\/v2\/types\/attachment"}],"author":[{"embeddable":true,"href":"https:\/\/jeremyfekete.com\/fr\/wp-json\/wp\/v2\/users\/1"}],"replies":[{"embeddable":true,"href":"https:\/\/jeremyfekete.com\/fr\/wp-json\/wp\/v2\/comments?post=4600"}],"wp:term":[{"taxonomy":"category","embeddable":true,"href":"https:\/\/jeremyfekete.com\/fr\/wp-json\/wp\/v2\/categories?post=4600"},{"taxonomy":"post_tag","embeddable":true,"href":"https:\/\/jeremyfekete.com\/fr\/wp-json\/wp\/v2\/tags?post=4600"}],"curies":[{"name":"wp","href":"https:\/\/api.w.org\/{rel}","templated":true}]}}

http://jeremyfekete.com/wp-content/uploads/2015/02/Europas-legendäre-Strassen-Via-Publicae-in-Portugal_5.jpg

Europas legendäre Strassen &#8211; Auf den Spuren der Römer

https://jeremyfekete.com/wp-content/uploads/2015/02/Europas-legendäre-Strassen-Via-Publicae-in-Portugal_5-150x150.jpg

https://jeremyfekete.com/wp-content/uploads/2015/02/Europas-legendäre-Strassen-Via-Publicae-in-Portugal_5-300x166.jpg

https://jeremyfekete.com/wp-content/uploads/2015/02/Europas-legendäre-Strassen-Via-Publicae-in-Portugal_5.jpg

https://jeremyfekete.com/wp-content/uploads/2015/02/Europas-legendäre-Strassen-Via-Publicae-in-Portugal_5-1024x568.jpg

<p class="attachment"><a href="https://i0.wp.com/jeremyfekete.com/wp-content/uploads/2015/02/Europas-legend%C3%A4re-Strassen-Via-Publicae-in-Portugal_5.jpg?ssl=1" title="" data-rl_title="" class="rl-gallery-link" data-rl_caption="" data-rel="lightbox-gallery-0"><img data-recalc-dims="1" decoding="async" width="300" height="166" src="https://i0.wp.com/jeremyfekete.com/wp-content/uploads/2015/02/Europas-legend%C3%A4re-Strassen-Via-Publicae-in-Portugal_5.jpg?resize=300%2C166&#038;ssl=1" class="attachment-medium size-medium" alt="" srcset="https://i0.wp.com/jeremyfekete.com/wp-content/uploads/2015/02/Europas-legend%C3%A4re-Strassen-Via-Publicae-in-Portugal_5.jpg?resize=300%2C166&amp;ssl=1 300w, https://i0.wp.com/jeremyfekete.com/wp-content/uploads/2015/02/Europas-legend%C3%A4re-Strassen-Via-Publicae-in-Portugal_5.jpg?resize=1024%2C568&amp;ssl=1 1024w, https://i0.wp.com/jeremyfekete.com/wp-content/uploads/2015/02/Europas-legend%C3%A4re-Strassen-Via-Publicae-in-Portugal_5.jpg?resize=600%2C333&amp;ssl=1 600w, https://i0.wp.com/jeremyfekete.com/wp-content/uploads/2015/02/Europas-legend%C3%A4re-Strassen-Via-Publicae-in-Portugal_5.jpg?resize=940%2C522&amp;ssl=1 940w, https://i0.wp.com/jeremyfekete.com/wp-content/uploads/2015/02/Europas-legend%C3%A4re-Strassen-Via-Publicae-in-Portugal_5.jpg?w=1900&amp;ssl=1 1900w, https://i0.wp.com/jeremyfekete.com/wp-content/uploads/2015/02/Europas-legend%C3%A4re-Strassen-Via-Publicae-in-Portugal_5.jpg?w=2850&amp;ssl=1 2850w" sizes="100vw" /></a></p>
<p>Doku-Mehrteiler für ARTE</p>

<p>Doku-Mehrteiler für ARTE</p>

2015/02/Europas-legendäre-Strassen-Via-Publicae-in-Portugal_5.jpg

Europas-legendäre-Strassen-Via-Publicae-in-Portugal_5-150x150.jpg

Europas-legendäre-Strassen-Via-Publicae-in-Portugal_5-300x166.jpg

Europas-legendäre-Strassen-Via-Publicae-in-Portugal_5-1024x568.jpg

Europas-legendäre-Strassen-Via-Publicae-in-Portugal_5-600x333.jpg

https://jeremyfekete.com/wp-content/uploads/2015/02/Europas-legendäre-Strassen-Via-Publicae-in-Portugal_5-600x333.jpg

Europas-legendäre-Strassen-Via-Publicae-in-Portugal_5-940x522.jpg

https://jeremyfekete.com/wp-content/uploads/2015/02/Europas-legendäre-Strassen-Via-Publicae-in-Portugal_5-940x522.jpg

Europas-legendäre-Strassen-Via-Publicae-in-Portugal_5-480x400.jpg

https://jeremyfekete.com/wp-content/uploads/2015/02/Europas-legendäre-Strassen-Via-Publicae-in-Portugal_5-480x400.jpg

Europas-legendäre-Strassen-Via-Publicae-in-Portugal_5.jpg

Bea Müller

Doku-Mehrteiler für ARTE

© Bea Müller

Europas legendäre Strassen - Auf den Spuren der Römer
